6 + -154. Calculate the remainder when k is divided by 35.
27
Suppose 48 = x + 2*t, 4*x - 2*t - 231 = 3*t. Calculate the remainder when x is divided by 14.
12
What is the remainder when 3/(-9) - 1370/(-15) is divided by 23?
22
Suppose 4 = -y + 3. Suppose 0 = -2*s + 6*s + n - 123, 0 = -2*s + n + 69. Calculate the remainder when s is divided by 32/3 - y/3.
10
Suppose 14*r - 18*r = -60. What is the remainder when 25 is divided by r?
10
Suppose 5*i + 40 = 10*i. Suppose -q + 3*g + 6 = -g, q + 18 = -4*g. Let j(s) = -s**2 - 7*s + 7. Calculate the remainder when j(q) is divided by i.
5
Let q = 31 - 1. What is the remainder when q is divided by 16?
14
Let f = -24 - -13. Let s(m) = m**2 + 11*m + 3. Calculate the remainder when 5 is divided by s(f).
2
Suppose n - 54 = 3*f - 2*n, 0 = -5*f - 5*n - 90. Calculate the remainder when 43 is divided by (15/9)/((-2)/f).
13
Let v(s) = s**3 + s**2 - 3*s + 3. Let a be -1*(-1)/2*6. Suppose f + 35 = 2*x, x - 10 = -3*f - 3. What is the remainder when v(a) is divided by x?
14
Suppose 5*l - 24 = 31. Suppose -3*n + 2*z + l = 0, -3*n = -0*z - z - 13. Calculate the remainder when n is divided by (-4)/10 + (-68)/(-20).
2
Let o = 27 + 9. What is the remainder when o is divided by 13?
10
Let d = 24 + 17. Calculate the remainder when d is divided by 21.
20
Let i be (-4)/10 + 36/15. Suppose -16 = -6*t + i*t. Suppose 3*y + 4*a = 39, -t*a + 14 = y - 3*a. What is the remainder when 49 is divided by y?
15
Let s(t) = -t**3 - 10*t**2 - 11*t - 14. Let n = 12 + 1. Suppose -3*y - 3*o - 3 = 0, -y - 5*o = -0*o + n. What is the remainder when s(-9) is divided by y?
0
Suppose 0 = 3*g + 3*k - 90, -k = -2*k + 3. Calculate the remainder when g is divided by 15.
12
Let y = -35 - -54. Calculate the remainder when -3*(-114)/9 - (-1 - -3) is divided by y.
17
Let k(v) = 2*v + 3*v + 7 + v**2 - 5*v. Calculate the remainder when k(-7) is divided by 19.
18
Suppose -18 = -p - 0. What is the remainder when (-65)/(-4) + 2/(-8) is divided by (p/21)/(1/7)?
4
Let z(g) be the third derivative of -g**5/60 - 4*g**3/3 + 2*g**2. Let r be z(7). Let a = 95 + r. What is the remainder when a is divided by 13?
12
Let q = -65 + 106. What is the remainder when q is divided by 14?
13
Let s(v) = -v**3 - 9*v**2 - 8*v + 3. Let i(x) = -x - 2. Let m be i(6). Calculate the remainder when 7 is divided by s(m).
1
Suppose -20*b - 6 = -23*b. Let z(y) be the second derivative of -y**3/3 - y**2/2 + 2*y. Calculate the remainder when z(-2) is divided by b.
1
Let y = 12 - 6. Calculate the remainder when ((-2)/y)/((-3)/225) is divided by 9.
7
Let k = 4 + -2. Suppose k*d = 4 + 16. What is the remainder when 19 is divided by d?
9
Calculate the remainder when (-389)/(-9) - 6/27 is divided by 15.
13
Let p(g) = -g**2 - 9*g - 1. Let d(t) = t**3 + 6*t**2 - 2*t. What is the remainder when d(-6) is divided by p(-8)?
5
Let q(d) = -10*d - 75. Let z be 2/(-5) + (-24)/(-10). Suppose b = j + 39, -b = -0*b - z*j - 34. Calculate the remainder when b is divided by q(-9).
14
Let k be 5/2*11*10. Suppose 5*a - k = -0*a. What is the remainder when a is divided by 14?
13
Calculate the remainder when (-1 - -2) + (-28)/(2/(-2)) is divided by 6.
5
Suppose 5*q + 6 = 3*n, -5*n + 20 = -3*q - 2*q. Let j = -181 - -116. Calculate the remainder when n is divided by 2/(-6) + j/(-15).
3
Suppose 0 = 3*l + 117 - 306. Calculate the remainder when l is divided by 33.
30
Suppose -3*j - j = 260. Let l = j - -110. Calculate the remainder when 9 is divided by l/6*2/3.
4
Let h(u) = -u**3 + 10*u**2 + 2*u + 1. What is the remainder when 39 is divided by h(10)?
18
Suppose -1 - 15 = -2*w. Let z(b) = 3*b**2 - 7. Let l(s) = -4*s**2 - s + 8. Let c(u) = -4*l(u) - 5*z(u). What is the remainder when c(-6) is divided by w?
7
Let d = -19 - -69. What is the remainder when d is divided by 11?
6
Suppose 10*g + 16 = 96. Calculate the remainder when 63 is divided by g.
7
Suppose -3*u = -5*c - 8, -5*u + 3*c - 6 + 46 = 0. Calculate the remainder when u is divided by 8.
3
Suppose 4*w - 77 = 5*b, -w - 6*b - 7 = -2*b. Suppose f = 1 + 2. Suppose w + f = k. What is the remainder when k is divided by 6?
4
Let h(k) = -k**3 - 7*k**2 - 2*k - 8. Suppose 21 = -3*u + 2*s, -4*s - 26 + 5 = 3*u. Calculate the remainder when 17 is divided by h(u).
5
Let x(o) = 3*o - 2. Calculate the remainder when (2 - 1)/(-3 + (-228)/(-75)) is divided by x(5).
12
Let o = 2 - -20. What is the remainder when o is divided by 5?
2
Let d(m) = -23*m - 43. What is the remainder when d(-4) is divided by 26?
23
Suppose 2 = 3*h - 28. What is the remainder when h is divided by 3?
1
Suppose -3*b = 4*n - 22 - 9, -n = -2*b + 6. Suppose n*z - z = 87. What is the remainder when 84 is divided by z?
26
Suppose 0*i = i - 3*h + 2, 0 = -h + 2. What is the remainder when i is divided by (2/2)/((-1)/(-3))?
1
Suppose 0 = 4*m - 10 - 346. What is the remainder when m is divided by 46?
43
Let q = 13 + 21. Let u = 15 - 17. Let t = u + 11. Calculate the remainder when q is divided by t.
7
Suppose -23 = -3*v + 2*t + 20, -4*v + 2*t = -56. Let b = -3 - -8. What is the remainder when v is divided by b?
3
Let m be 66/(-15) - 9/15. Calculate the remainder when (-246)/(-10) + (-2)/m is divided by ((-14)/(-3))/(6/9).
4
Let m = -11 - -16. Suppose -3*p = 4*a + 8, m*p + 38 = 3*a + 15. Calculate the remainder when (0 - 1)/(a/(-7)) is divided by 4.
3
Let s(z) = z**3 + 13*z**2 + 15*z + 24. Calculate the remainder when s(-9) is divided by 36.
33
Let s = 1 + 20. What is the remainder when 82 is divided by s?
19
Suppose -2*s - 1 = -21. What is the remainder when 27 is divided by s?
7
Suppose 0 = 2*n - 7*n. Let x(r) be the first derivative of r**3/3 - r**2/2 + 14*r + 1. Calculate the remainder when x(n) is divided by 5.
4
Suppose 4*r - 5*a - 200 = 0, -2*a + 55 = -5*r + 322. What is the remainder when r is divided by 2/(-13) + (-249)/(-13)?
17
Suppose 5*f - 2*q = 95, 0*q = -2*f + q + 38. Calculate the remainder when 32 is divided by f.
13
Let g(z) = 6*z**2 + 7*z + 5. Calculate the remainder when g(-2) is divided by 7.
1
Suppose -k + 10 = r - 19, 4*r - k = 111. Calculate the remainder when r is divided by 2*-1*(3 + 126/(-12)).
13
Let m be 1 - (0 + (32 - -1)). Let o = m - -47. What is the remainder when o is divided by 4?
3
Suppose 3*o = -2*o + 210. What is the remainder when o is divided by 9?
6
Let s(u) = -u**2 + 16*u - 9. Suppose -4*c - 68 = -3*d, -4*d + 0*d + 84 = -4*c. What is the remainder when s(11) is divided by d?
14
Let n(q) = -2*q**3 - 2*q**2 - 3*q + 2. Let l be (4/(-2))/(4/6). Suppose 4*a - 2*p = 74, -a + 54 = 3*a + 2*p. Calculate the remainder when n(l) is divided by a.
15
Suppose 0 = 4*m - 441 + 89. Suppose 0*u - 4*u + m = 0. Calculate the remainder when u is divided by 8.
6
Let a = 10 - 5. Let s be (4 + -18)*a/(-2). Suppose -g + s = h + g, 5 = g. What is the remainder when h is divided by 9?
7
What is the remainder when 45 is divided by (-46)/5*(-15)/6?
22
Calculate the remainder when (7/4)/((-5)/(-20)) is divided by ((-18)/15)/(2/(-5)).
1
Suppose 12*q - 16*q + 164 = 0. What is the remainder when q is divided by 11?
8
Let k = -13 - -7. Calculate the remainder when 28/k*(-6)/4 is divided by 3.
1
Suppose -h - 3*q = -4, 2*q + 4 = -3*h + 4*h. What is the remainder when (-4)/h - -1*16 is divided by 6?
3
Let b(i) = -6*i**3 + 3*i**2 + i + 1. Let l(p) = -21*p - 1. Calculate the remainder when b(-2) is divided by l(-1).
19
Let r = 42 - 28. What is the remainder when 3*(2 - -24)/2 is divided by r?
11
Calculate the remainder when 2 - 5 - (-228)/6 is divided by 18.
17
Let v = -24 + 22. What is the remainder when (v/5)/((-5)/100) is divided by 2?
0
Let s(d) = d**2 - 3*d + 2. Calculate the remainder when 11 is divided by s(4).
5
Suppose 4*t = 0, 0 = -2*b + 3*b - 3*t - 57. Suppose -3*q + b = -0*q. What is the remainder when q is divided by 11?
8
Let x(p) = p**3 - p**2 - 3*p + 1. Let v(y) = y - 7. Let l be v(0). Let m = l - -11. Calculate the remainder when x(3) is divided by m.
2
Suppose 2*h - 3*m = -6*m - 8, -2*m = -3*h + 14. What is the remainder when (1 - h - -2)*43 is divided by 11?
10
Suppose y + 2*d - 16 = 0, -y + 8 = 2*y - 2*d. Suppose -3*k - 12 = 0, -s - 7*k + 3*k = -31. What is the remainder when s is divided by (y/2 - 5) + 18?
15
Let v = -16 - -23. Let i(u) = u. Let k be i(-1). What is the remainder when ((-1)/(-3